{"id":1730,"date":"2026-04-10T09:48:07","date_gmt":"2026-04-10T09:48:07","guid":{"rendered":"https:\/\/herby.edu.pl\/?page_id=1730"},"modified":"2026-04-10T09:57:20","modified_gmt":"2026-04-10T09:57:20","slug":"statuty","status":"publish","type":"page","link":"https:\/\/herby.edu.pl\/?page_id=1730","title":{"rendered":"Statuty"},"content":{"rendered":"<p><a href=\"https:\/\/herby.edu.pl\/wp-content\/uploads\/2026\/04\/statut_mow_2024.pdf\" target=\"_blank\" rel=\"noopener\"><strong>STATUT\u00a0<\/strong><strong>M\u0141ODZIE\u017bOWEGO O\u015aRODKA WYCHOWAWCZEGO\u00a0<\/strong><strong>W HERBACH<\/strong><\/a><\/p>\n<p><a href=\"https:\/\/herby.edu.pl\/wp-content\/uploads\/2026\/04\/statut_sp_2024.pdf\" target=\"_blank\" rel=\"noopener\"><strong>STATUT SZKO\u0141Y PODSTAWOWEJ SPECJALNEJ NR 5 DLA UCZNI\u00d3W NIEDOSTOSOWANYCH SPO\u0141ECZNIE ORAZ DLA UCZNI\u00d3W NIEDOSTOSOWANYCH SPO\u0141ECZNIE Z NIEPE\u0141NOSPRAWNO\u015aCI\u0104 INTELEKTUALN\u0104 W STOPNIU LEKKIM <\/strong><strong>W M\u0141ODZIE\u017bOWYM O\u015aRODKU WYCHOWAWCZYM w\u00a0HERBACH<\/strong><\/a><\/p>\n<p><a href=\"https:\/\/herby.edu.pl\/wp-content\/uploads\/2026\/04\/statut_sb_2024.pdf\" target=\"_blank\" rel=\"noopener\"><strong>STATUT\u00a0<\/strong><strong>BRAN\u017bOWEJ SZKO\u0141Y I STOPNIA SPECJALNEJ NR 5 DLA UCZNI\u00d3W NIEDOSTOSOWANYCH SPO\u0141ECZNIE ORAZ DLA UCZNI\u00d3W NIEDOSTOSOWANYCH SPO\u0141ECZNIE Z NIEPE\u0141NOSPRAWNO\u015aCI\u0104 INTELEKTUALN\u0104 W STOPNIU LEKKIM\u00a0<\/strong><strong>W M\u0141ODZIE\u017bOWYM O\u015aRODKU WYCHOWAWCZYM W\u00a0HERBACH<\/strong><\/a><\/p>\n","protected":false},"excerpt":{"rendered":"<p>STATUT\u00a0M\u0141ODZIE\u017bOWEGO O\u015aRODKA WYCHOWAWCZEGO\u00a0W HERBACH STATUT SZKO\u0141Y PODSTAWOWEJ SPECJALNEJ NR 5 DLA UCZNI\u00d3W NIEDOSTOSOWANYCH SPO\u0141ECZNIE ORAZ DLA UCZNI\u00d3W NIEDOSTOSOWANYCH SPO\u0141ECZNIE Z NIEPE\u0141NOSPRAWNO\u015aCI\u0104 INTELEKTUALN\u0104 W STOPNIU LEKKIM W M\u0141ODZIE\u017bOWYM O\u015aRODKU WYCHOWAWCZYM w\u00a0HERBACH STATUT\u00a0BRAN\u017bOWEJ SZKO\u0141Y I STOPNIA SPECJALNEJ NR 5 DLA UCZNI\u00d3W NIEDOSTOSOWANYCH SPO\u0141ECZNIE ORAZ DLA UCZNI\u00d3W NIEDOSTOSOWANYCH SPO\u0141ECZNIE Z NIEPE\u0141NOSPRAWNO\u015aCI\u0104 INTELEKTUALN\u0104 W STOPNIU LEKKIM\u00a0W M\u0141ODZIE\u017bOWYM O\u015aRODKU WYCHOWAWCZYM &hellip; <\/p>\n<p class=\"link-more\"><a href=\"https:\/\/herby.edu.pl\/?page_id=1730\" class=\"more-link\">Czytaj dalej<span class=\"screen-reader-text\"> \u201eStatuty\u201d<\/span><\/a><\/p>\n","protected":false},"author":1,"featured_media":0,"parent":0,"menu_order":0,"comment_status":"closed","ping_status":"closed","template":"","meta":{"footnotes":""},"class_list":["post-1730","page","type-page","status-publish","hentry"],"_links":{"self":[{"href":"https:\/\/herby.edu.pl\/index.php?rest_route=\/wp\/v2\/pages\/1730","targetHints":{"allow":["GET"]}}],"collection":[{"href":"https:\/\/herby.edu.pl\/index.php?rest_route=\/wp\/v2\/pages"}],"about":[{"href":"https:\/\/herby.edu.pl\/index.php?rest_route=\/wp\/v2\/types\/page"}],"author":[{"embeddable":true,"href":"https:\/\/herby.edu.pl\/index.php?rest_route=\/wp\/v2\/users\/1"}],"replies":[{"embeddable":true,"href":"https:\/\/herby.edu.pl\/index.php?rest_route=%2Fwp%2Fv2%2Fcomments&post=1730"}],"version-history":[{"count":5,"href":"https:\/\/herby.edu.pl\/index.php?rest_route=\/wp\/v2\/pages\/1730\/revisions"}],"predecessor-version":[{"id":1743,"href":"https:\/\/herby.edu.pl\/index.php?rest_route=\/wp\/v2\/pages\/1730\/revisions\/1743"}],"wp:attachment":[{"href":"https:\/\/herby.edu.pl\/index.php?rest_route=%2Fwp%2Fv2%2Fmedia&parent=1730"}],"curies":[{"name":"wp","href":"https:\/\/api.w.org\/{rel}","templated":true}]}}