{"id":229,"date":"2018-10-31T08:27:48","date_gmt":"2018-10-31T08:27:48","guid":{"rendered":"http:\/\/serwer1851512.home.pl\/autoinstalator\/wordpressplugins\/?page_id=229"},"modified":"2018-10-31T08:27:48","modified_gmt":"2018-10-31T08:27:48","slug":"kolo-wolontaryjne","status":"publish","type":"page","link":"https:\/\/herby.edu.pl\/?page_id=229","title":{"rendered":"Ko\u0142o wolontaryjne"},"content":{"rendered":"<p>W zaj\u0119ciach ko\u0142a wolontaryjnego uczestnicz\u0105 wychowankowie r\u00f3\u017cnych grup. Miejsca, w kt\u00f3rych s\u0105 realizowane zaj\u0119cia, to: Dom pomocy Spo\u0142ecznej ,,Zameczek\u201d w Lubli\u0144cu (wsp\u00f3lne sp\u0119dzanie czasu, pomoc w codziennych czynno\u015bciach osobom niepe\u0142nosprawnym) oraz Fundacja ,,Oczami brata\u201d (udzia\u0142 w organizowanych akcjach).<br \/>\nPodstawowym celem zaj\u0119\u0107 jest rozwijanie w\u015br\u00f3d m\u0142odzie\u017cy postawy zaanga\u017cowania na rzecz potrzebuj\u0105cych wsparcia i pomocy, ale tak\u017ce wsp\u00f3\u0142praca ze \u015brodowiskiem lokalnym, budowanie pozytywnego wizerunku wychowanka MOW, u\u015bwiadomienie ch\u0142opcom ich potencja\u0142u, kszta\u0142towanie postaw prospo\u0142ecznych, wskazywanie pozytywnych efekt\u00f3w niesienia pomocy innym.<\/p>\n","protected":false},"excerpt":{"rendered":"<p>W zaj\u0119ciach ko\u0142a wolontaryjnego uczestnicz\u0105 wychowankowie r\u00f3\u017cnych grup. Miejsca, w kt\u00f3rych s\u0105 realizowane zaj\u0119cia, to: Dom pomocy Spo\u0142ecznej ,,Zameczek\u201d w Lubli\u0144cu (wsp\u00f3lne sp\u0119dzanie czasu, pomoc w codziennych czynno\u015bciach osobom niepe\u0142nosprawnym) oraz Fundacja ,,Oczami brata\u201d (udzia\u0142 w organizowanych akcjach). Podstawowym celem zaj\u0119\u0107 jest rozwijanie w\u015br\u00f3d m\u0142odzie\u017cy postawy zaanga\u017cowania na rzecz potrzebuj\u0105cych wsparcia i pomocy, ale tak\u017ce &hellip; <\/p>\n<p class=\"link-more\"><a href=\"https:\/\/herby.edu.pl\/?page_id=229\" class=\"more-link\">Czytaj dalej<span class=\"screen-reader-text\"> \u201eKo\u0142o wolontaryjne\u201d<\/span><\/a><\/p>\n","protected":false},"author":1,"featured_media":0,"parent":0,"menu_order":0,"comment_status":"closed","ping_status":"closed","template":"","meta":{"footnotes":""},"class_list":["post-229","page","type-page","status-publish","hentry"],"_links":{"self":[{"href":"https:\/\/herby.edu.pl\/index.php?rest_route=\/wp\/v2\/pages\/229","targetHints":{"allow":["GET"]}}],"collection":[{"href":"https:\/\/herby.edu.pl\/index.php?rest_route=\/wp\/v2\/pages"}],"about":[{"href":"https:\/\/herby.edu.pl\/index.php?rest_route=\/wp\/v2\/types\/page"}],"author":[{"embeddable":true,"href":"https:\/\/herby.edu.pl\/index.php?rest_route=\/wp\/v2\/users\/1"}],"replies":[{"embeddable":true,"href":"https:\/\/herby.edu.pl\/index.php?rest_route=%2Fwp%2Fv2%2Fcomments&post=229"}],"version-history":[{"count":1,"href":"https:\/\/herby.edu.pl\/index.php?rest_route=\/wp\/v2\/pages\/229\/revisions"}],"predecessor-version":[{"id":230,"href":"https:\/\/herby.edu.pl\/index.php?rest_route=\/wp\/v2\/pages\/229\/revisions\/230"}],"wp:attachment":[{"href":"https:\/\/herby.edu.pl\/index.php?rest_route=%2Fwp%2Fv2%2Fmedia&parent=229"}],"curies":[{"name":"wp","href":"https:\/\/api.w.org\/{rel}","templated":true}]}}