{"id":232,"date":"2018-10-31T08:28:59","date_gmt":"2018-10-31T08:28:59","guid":{"rendered":"http:\/\/serwer1851512.home.pl\/autoinstalator\/wordpressplugins\/?page_id=232"},"modified":"2018-10-31T08:28:59","modified_gmt":"2018-10-31T08:28:59","slug":"sks","status":"publish","type":"page","link":"https:\/\/herby.edu.pl\/?page_id=232","title":{"rendered":"SKS"},"content":{"rendered":"<p>Zaj\u0119cia wychowania fizycznego nie s\u0105 w stanie zaspokoi\u0107 wszystkich potrzeb ruchowych dziecka, dlatego te\u017c bardzo cz\u0119sto obserwuje si\u0119 u uczni\u00f3w ch\u0119\u0107 uczestnictwa w pozalekcyjnych zaj\u0119ciach szkolnego ko\u0142a sportowego. W ramach SKS wychowankowie staraj\u0105 si\u0119 doskonali\u0107 poznane w czasie lekcji umiej\u0119tno\u015bci z r\u00f3\u017cnych dyscyplin sportowych, a przy okazji przygotowuj\u0105 si\u0119 do zawod\u00f3w sportowych. Znaj\u0105c potrzeby rozwojowe uczni\u00f3w, ich zainteresowania, predyspozycje oraz warunki, jakimi dysponuje szko\u0142a, w ramach SKS odbywaj\u0105 si\u0119 nast\u0119puj\u0105ce zaj\u0119cia: gry zespo\u0142owe (pi\u0142ka siatkowa, pi\u0142ka no\u017cna,) p\u0142ywanie, lekkoatletyka, tenis sto\u0142owy. Dostarczaj\u0105 one m\u0142odzie\u017cy najwi\u0119cej rado\u015bci i satysfakcji.<br \/>\nDzi\u0119ki uczestnictwu w zaj\u0119ciach sportowych wychowankowie poznaj\u0105 podstawowe przepisy gier i zabaw, rozpoznaj\u0105 w\u0142asne zdolno\u015bci motoryczne, rozwijaj\u0105 inwencj\u0119 tw\u00f3rcz\u0105, odpowiedzialno\u015b\u0107 i samodzielno\u015b\u0107, a tak\u017ce umiej\u0119tno\u015b\u0107 wsp\u00f3\u0142pracy w grupie, rozbudzaj\u0105 zainteresowania sportowe i osi\u0105gaj\u0105 wy\u017csze wyniki na zawodach sportowych.<\/p>\n","protected":false},"excerpt":{"rendered":"<p>Zaj\u0119cia wychowania fizycznego nie s\u0105 w stanie zaspokoi\u0107 wszystkich potrzeb ruchowych dziecka, dlatego te\u017c bardzo cz\u0119sto obserwuje si\u0119 u uczni\u00f3w ch\u0119\u0107 uczestnictwa w pozalekcyjnych zaj\u0119ciach szkolnego ko\u0142a sportowego. W ramach SKS wychowankowie staraj\u0105 si\u0119 doskonali\u0107 poznane w czasie lekcji umiej\u0119tno\u015bci z r\u00f3\u017cnych dyscyplin sportowych, a przy okazji przygotowuj\u0105 si\u0119 do zawod\u00f3w sportowych. Znaj\u0105c potrzeby rozwojowe &hellip; <\/p>\n<p class=\"link-more\"><a href=\"https:\/\/herby.edu.pl\/?page_id=232\" class=\"more-link\">Czytaj dalej<span class=\"screen-reader-text\"> \u201eSKS\u201d<\/span><\/a><\/p>\n","protected":false},"author":1,"featured_media":0,"parent":0,"menu_order":0,"comment_status":"closed","ping_status":"closed","template":"","meta":{"footnotes":""},"class_list":["post-232","page","type-page","status-publish","hentry"],"_links":{"self":[{"href":"https:\/\/herby.edu.pl\/index.php?rest_route=\/wp\/v2\/pages\/232","targetHints":{"allow":["GET"]}}],"collection":[{"href":"https:\/\/herby.edu.pl\/index.php?rest_route=\/wp\/v2\/pages"}],"about":[{"href":"https:\/\/herby.edu.pl\/index.php?rest_route=\/wp\/v2\/types\/page"}],"author":[{"embeddable":true,"href":"https:\/\/herby.edu.pl\/index.php?rest_route=\/wp\/v2\/users\/1"}],"replies":[{"embeddable":true,"href":"https:\/\/herby.edu.pl\/index.php?rest_route=%2Fwp%2Fv2%2Fcomments&post=232"}],"version-history":[{"count":1,"href":"https:\/\/herby.edu.pl\/index.php?rest_route=\/wp\/v2\/pages\/232\/revisions"}],"predecessor-version":[{"id":233,"href":"https:\/\/herby.edu.pl\/index.php?rest_route=\/wp\/v2\/pages\/232\/revisions\/233"}],"wp:attachment":[{"href":"https:\/\/herby.edu.pl\/index.php?rest_route=%2Fwp%2Fv2%2Fmedia&parent=232"}],"curies":[{"name":"wp","href":"https:\/\/api.w.org\/{rel}","templated":true}]}}